g**2 + 12*g + 115. Determine u(-5).
-645
Let v(d) = 107*d**3 + 1928*d**2 + 32*d - 71. What is v(-18)?
1
Let b(z) = -1939*z - 87573. Calculate b(-46).
1621
Let a(p) = -110240*p + 35. What is a(0)?
35
Let u(p) = -539*p**2 + 3699*p + 17. Give u(7).
-501
Let j(n) = -n**3 - 80*n**2 + 237*n - 1091. Determine j(-83).
-95
Let w(l) = 21*l**3 + 945*l**2 + 918*l - 274. Give w(-44).
-10
Let c(o) = -4*o**3 - 42*o**2 - 149*o - 5. Calculate c(-3).
172
Let h(i) = 3*i**2 - 246*i - 4963. What is h(99)?
86
Let j(p) = p**3 + 303*p**2 + 2923*p - 2052. What is j(-293)?
-1
Let g(h) = 6*h**2 - 164*h + 1325. Give g(8).
397
Let i(n) = -1161*n + 16205. Give i(14).
-49
Let t(r) = -r**2 - 122*r - 152. Give t(0).
-152
Let v(r) = -4472*r + 57459. Calculate v(13).
-677
Let r(n) = 475*n - 39799. Determine r(84).
101
Let r(j) = -2102*j + 21363. Determine r(10).
343
Let x(g) = 11*g**3 + 66*g**2 - 201*g - 3. What is x(3)?
285
Let a(c) = 229*c**2 + 2236*c - 2. Calculate a(-10).
538
Let n(v) = 2*v**3 - 124*v**2 - 4314*v + 16000. What is n(86)?
4
Let a(s) = -2*s**3 + 43*s**2 - 90*s - 86. Give a(20).
-686
Let x(b) = 71*b - 707. Give x(10).
3
Let q(h) = 4065*h - 154492. What is q(38)?
-22
Let z(m) = 2928*m + 123080. Give z(-42).
104
Let l(c) = 17*c**2 - 4842*c - 735. Give l(285).
120
Let o(x) = 112*x**2 - 30763*x - 10167. Determine o(275).
8
Let j(s) = s**3 + s**2 - 1479*s - 2958. Give j(-2).
-4
Let x(j) = -1589*j + 13089. What is x(8)?
377
Let c(v) = 7164*v - 1740878. What is c(243)?
-26
Let c(x) = -14*x**2 - 593*x + 114347. Calculate c(-114).
5
Let d(o) = 5*o**3 + 1250*o**2 - 1265*o - 2268. Calculate d(-251).
242
Let o(k) = -274*k**2 + 1819*k + 702. Determine o(7).
9
Let v(r) = r**3 - 60*r**2 + 331*r + 202. Calculate v(54).
580
Let t(d) = -9*d**2 + 2035*d - 3040. Calculate t(224).
1216
Let m(p) = -p**3 + 115*p**2 + 95*p + 1536. Give m(116).
-900
Let j(t) = t**2 + 285*t - 18058. Determine j(58).
1836
Let j(g) = 2*g**2 - 93*g - 548. Determine j(49).
-303
Let m(p) = 1077*p - 1498. Determine m(1).
-421
Let z(s) = 6*s**2 + 2826*s + 41078. Give z(-456).
38
Let c(z) = -10*z**2 - 12203*z - 48746. What is c(-4)?
-94
Let m(q) = 15*q**2 + 3944*q - 15970. Calculate m(4).
46
Let s(k) = 684*k + 4632. What is s(-7)?
-156
Let c(r) = -r**2 + 59*r + 184. Determine c(52).
548
Let s(d) = -3623*d - 14504. Give s(-4).
-12
Let b(k) = -11*k**3 + 586*k**2 - 142*k - 1238. Determine b(53).
-337
Let x(t) = -25*t**2 - 484*t - 2411. What is x(-5)?
-616
Let q(c) = -101*c - 2840. Calculate q(-25).
-315
Let b(n) = -227*n**2 - 370*n + 370. Give b(1).
-227
Let l(w) = -378958*w - 4168549. What is l(-11)?
-11
Let p(w) = -6044*w - 11689107. Give p(-1934).
-11
Let x(o) = 7*o**2 + 764*o + 1998. Give x(-103).
-2431
Let k(z) = z**3 - 922*z**2 + 42719*z + 50651. Calculate k(873).
17
Let n(f) = -2*f**2 + 315*f - 5969. What is n(22)?
-7
Let x(s) = -408*s + 1765. Give x(4).
133
Let s(r) = -r**3 + 215*r**2 - 374*r - 11145. Give s(213).
-69
Let p(d) = 94*d - 11310. Determine p(119).
-124
Let b(v) = -7*v**2 + 22*v + 25. Determine b(-4).
-175
Let g(t) = 653052*t + 43754488. Calculate g(-67).
4
Let f(u) = -2*u**2 - 36*u - 62. What is f(-17)?
-28
Let f(l) = 21*l**3 + 524*l**2 - 41*l - 158. Determine f(-25).
242
Let b(g) = -g**3 - 30*g**2 + 926*g - 248. Calculate b(-49).
-3
Let n(a) = -a**3 - 23*a**2 - 103*a + 249. Determine n(-10).
-21
Let t(y) = 1353*y - 23814. What is t(17)?
-813
Let f(x) = -x**3 - 22*x**2 - 105*x - 300. Calculate f(-11).
-476
Let b(h) = h**2 - 6761*h + 4183642. Give b(689).
34
Let b(t) = 86*t**2 + 23652*t + 543. Calculate b(-275).
-7
Let x(u) = 3*u**3 + 122*u**2 + 90*u + 5368. Calculate x(-41).
-3
Let h(v) = v**3 - 254*v**2 + 3262*v - 31134. Give h(241).
-45
Let g(p) = -p**2 - 311*p - 26511. Calculate g(-147).
-2403
Let u(l) = -8*l**3 + 23*l**2 - 9*l + 102. Determine u(3).
66
Let t(j) = 1987*j - 1508140. Determine t(759).
-7
Let z(f) = -f**2 - 2099*f - 14668. Give z(-7).
-24
Let i(v) = 2*v**2 - 76*v - 4470. What is i(70)?
10
Let y(p) = -83*p**2 - 750*p + 3774. What is y(5)?
-2051
Let b(t) = t**3 + 68*t**2 - 2562*t - 46. Give b(27).
35
Let z(l) = -507*l**2 - 25999*l + 46211. Give z(-53).
-5
Let p(r) = r**2 + 2181*r - 8731. Determine p(4).
9
Let w(h) = 70*h**2 - 450*h + 116. What is w(6)?
-64
Let j(m) = -m**2 - 742*m + 23340. Calculate j(31).
-623
Let b(u) = 1875*u + 318757. Give b(-170).
7
Let s(k) = -k**3 + 17*k**2 - 32*k - 111. Determine s(14).
29
Let d(c) = c**3 + 263*c**2 + 17180*c - 242. Determine d(-142).
42
Let w(u) = u**2 + 2051*u - 62447. Calculate w(30).
-17
Let j(k) = k**3 + 13*k**2 + 28*k + 11. Give j(-10).
31
Let d(k) = 102*k**2 + 858*k + 277. Determine d(-8).
-59
Let l(g) = 50*g**2 - 571*g + 1460. Calculate l(4).
-24
Let x(t) = 1851*t + 186945. What is x(-101)?
-6
Let t(b) = -453*b - 35001. Calculate t(-77).
-120
Let n(t) = -t**3 + 5*t**2 + 47*t - 244. What is n(8)?
-60
Let g(a) = 3*a**3 + 295*a**2 - 6*a - 10175. Determine g(-98).
17
Let i(v) = 108*v + 12907. Determine i(-128).
-917
Let m(z) = 2*z**3 - 83*z**2 + 35*z + 2848. Determine m(40).
-552
Let n(s) = -950*s**2 + 2864*s - 31. What is n(3)?
11
Let k(f) = -4*f**3 - 490*f**2 + 752*f + 920. Determine k(-124).
-72
Let s(n) = 11*n**3 + 251*n**2 - 2193*n - 49382. What is s(-23)?
-1
Let u(p) = -p**3 - 9*p**2 + 32*p - 294. Determine u(7).
-854
Let s(n) = -11*n**2 - 716*n + 2159. Give s(-68).
-17
Let w(b) = b**3 + 205*b**2 - 406*b + 1314. What is w(-207)?
-342
Let d(r) = -r**3 + 6661*r - 13326. Determine d(2).
-12
Let o(h) = h**3 + 101*h**2 + 863*h + 57. Determine o(-9).
-258
Let z(g) = -2792*g - 35829. Determine z(-13).
467
Let v(c) = 833*c - 11202. Give v(13).
-373
Let d(o) = -4*o**2 - 963*o - 16026. Determine d(-18).
12
Let k(r) = 3215*r - 6332. Calculate k(2).
98
Let h(a) = -5*a**2 - 3239*a + 10417. Give h(-651).
1
Let z(u) = 355*u - 2577. What is z(-3)?
-3642
Let a(l) = -80402*l + 27899497. Give a(347).
3
Let d(z) = -9*z**3 - 248*z**2 + 198*z + 2410. Calculate d(-28).
2
Let d(t) = 21*t**3 - 11312*t**2 + 7530*t + 1118. Give d(538).
42
Let h(u) = -160*u**2 - 2400*u - 29. What is h(-15)?
-29
Let o(a) = a**3 + 2*a**2 - 63*a - 422. Determine o(-10).
-592
Let o(q) = -q**2 - 1294*q - 362011. Calculate o(-409).
-46
Let w(i) = -i**3 + 342*i**2 + 877*i - 65028. Give w(344).
-12
Let g(b) = -b**2 - 2079*b + 27212. Calculate g(13).
16
Let q(h) = -2832*h + 274753. What is q(97)?
49
Let l(f) = -11*f**2 + 4404*f + 2739. Calculate l(401).
-68
Let j(x) = 161*x**3 + 1450*x**2 + 225*x + 1923. Determine j(-9).
-21
Let j(g) = 2*g**3 - 40*g**2 + 1451*g - 15089. What is j(12)?
19
Let g(t) = 45*t**3 - 4*t**2 - 988*t + 3924. Give g(4).
2788
Let i(c) = -675*c - 382007. Give i(-566).
43
Let m(u) = -u**3 + 15*u**2 + 206*u - 381. What is m(23)?
125
Let b(z) = z**3 - 76*z**2 + 282*z + 124. What is b(72)?
-308
Let v(y) = -9*y**3 - 84*y**2 - 280*y - 331. Calculate v(-3).
-4
Let z(j) = -j**2 + 1080*j - 250862. Calculate z(338).
-66
Let y(g) = -21*g**3 - 673*g**2 - 39*g + 263. Calculate y(-32).
487
Let i(d) = 12179*d + 1144787. What is i(-94)?
-39
Let b(d) = -6*d**3 + 2225*d**2 - 4058*d - 228. What is b(369)?
141
Let q(p) = 3*p**3 + 218*p**2 - 53*p + 1428. Calculate q(-73).
-32
Let r(i) = 876*i + 17806. Determine r(-20).
286
Let c(p) = -7*p**3 - 80*p**2 - 8*p - 660. Calculate c(-12).
12
Let a(w) = -2280*w + 2368917. What is a(1039)?
-3
Let a(t) = -21*t**2 - 220*t - 1706. Determine a(-7).
-1195
Let i(o) = o**2 - 1161*o + 82800. What is i(77)?
-668
Let z(i) = 4*i**3 + 115*i**2 - 140*i + 295. Give z(-30).
-5
Let l(s) = 30*s**2 + 697*s - 43041. What is l(28)?
-5
Let z(p) = 1930*p - 364762. Give z(189).
8
Let q(z) = 382*z - 3131. Calculate q(8).
-75
Let f(y) = -1363*y + 49172. Give f(36).
104
Let j(y) = 15*y**3 + 329*y**2 + 245*y - 27. Give j(-21).
1002
Let k(b) = -6*b**3 - 986*b**2 - 337*b - 3038. Determine k(-164).
-1562
Let v(k) = 3*k**3 - 176*k**2 + 108*k + 473. Determine v(58).
9
Let x(t) = 18*t**2 + 1269*t + 21161. Determine x(-27).
20
Let h(b) = -163*b**3 + 18*b**2 + 56*b + 9. Calculate h(-2).
1273
Let v(a) = -a**3 + 840*a**2 - 4234*a + 288. Calculate v(5).
-7
Let b(u) = 4*u**3 + 420*u**2 + 831*u + 219. Determine b(-103).
-502
Let o(w) = 965*w + 3022. Calculate o(-4).
-838
Let z(g) = -1343*g + 29423. Calculate z(22).
-123
Let z(p) = 22*p**3 - 2530*p**2 + 11*p - 1309. What is z